{"id":5084,"date":"2022-11-30T08:52:32","date_gmt":"2022-11-30T07:52:32","guid":{"rendered":"http:\/\/www.estetalschule.de\/wordpress\/?page_id=5084"},"modified":"2022-11-30T08:52:32","modified_gmt":"2022-11-30T07:52:32","slug":"planspiel-joblokomotive-2","status":"publish","type":"page","link":"http:\/\/www.estetalschule.de\/wordpress\/planspiel-joblokomotive-2\/","title":{"rendered":"Planspiel \u201eJoblokomotive\u201c"},"content":{"rendered":"\n<ul class=\"wp-block-list\"><li>Das Planspiel soll einen realen Bewerbungsverlauf simulieren.<\/li><li>Es gibt verschiedene Stationen: Firmen, Pro-Aktiv-Centrum, Arbeitsagentur, Telefonstation, Spielb\u00fcro mit Bewerbungstests.&nbsp; Die Sch\u00fclerInnen k\u00f6nnen Bewerbungssituationen durchspielen, ohne bei Fehlern Folgen f\u00fcr ihr Berufsleben bef\u00fcrchten zu m\u00fcssen.<\/li><li>So l\u00e4uft das Planspiel ab:<\/li><li>Vertreter aus real existierenden Firmen \/ Coaching-Unternehmen f\u00fchren mit den Sch\u00fclerInnen einzelne Bewerbungsgespr\u00e4che f\u00fcr einen fiktiven Ausbildungsplatz durch. Die Sch\u00fclerInnen haben ihre Bewerbungsunterlagen daf\u00fcr jeweils bei sich. Zum Gespr\u00e4chstermin geben die Sch\u00fclerInnen ihre Bewerbungsmappen beim jeweiligen \u201eFirmenchef\u201c ab.<\/li><li>Die Sch\u00fclerInnen erhalten am Ende des Gespr\u00e4ches ein Feedback zu ihren Unterlagen und zu ihrem Auftreten und bekommen mitgeteilt, ob sie den fiktiven Ausbildungsplatz erhalten w\u00fcrden.<\/li><li>Die Sch\u00fclerInnen sollen weiterhin ein Telefonat f\u00fchren, in dem sie sich entweder nach Ausbildungsm\u00f6glichkeiten in einer Firma erkundigen oder einen Termin f\u00fcr ein Vorstellungsgespr\u00e4ch vereinbaren.<\/li><li>Jeder Sch\u00fcler \/ jede Sch\u00fclerin muss entweder zum Pro-Aktiv-Center oder zur Arbeitsagentur. Die Sch\u00fclerInnen erhalten im Vorfeld einen Fragebogen, den sie an dieser Station gemeinsam mit dem Mitarbeiter des Pro-Aktiv-Centrums oder dem Berufsberater durcharbeiten sollen. Hierbei geht es vor allem darum zu kl\u00e4ren, ob die&nbsp; Sch\u00fclerInnen schon genau wissen, wie ihre weitere berufliche Laufbahn aussieht und&nbsp; welche Schritte sie daf\u00fcr im Weiteren gehen m\u00fcssen. Falls n\u00f6tig, k\u00f6nnen sie dann gleich beraten werden.<\/li><li><strong>F\u00fcr die Sch\u00fclerInnen des Hauptschulzweiges ist die Teilnahme verbindlich<\/strong>, f\u00fcr die des <strong>Realschulzweiges freiwillig<\/strong>.&nbsp; Die teilnehmenden Sch\u00fclerInnen m\u00fcssen sich rechtzeitig (etwa zwei Wochen vor dem Termin der \u201eJoblokomotive\u201c) bei der verantwortlichen Sozialp\u00e4dagogin unter Abgabe einer vollst\u00e4ndigen Bewerbungsmappe anmelden. Bei Anmeldung ist die Teilnahme verpflichtend.<\/li><\/ul>\n","protected":false},"excerpt":{"rendered":"<p>Das Planspiel soll einen realen Bewerbungsverlauf simulieren. Es gibt verschiedene Stationen: Firmen, Pro-Aktiv-Centrum, Arbeitsagentur, Telefonstation, Spielb\u00fcro mit Bewerbungstests.&nbsp; Die Sch\u00fclerInnen k\u00f6nnen Bewerbungssituationen durchspielen, ohne bei Fehlern Folgen f\u00fcr ihr Berufsleben bef\u00fcrchten zu m\u00fcssen. So l\u00e4uft das Planspiel ab: Vertreter aus &hellip; <a href=\"http:\/\/www.estetalschule.de\/wordpress\/planspiel-joblokomotive-2\/\">Weiterlesen <span class=\"meta-nav\">&rarr;<\/span><\/a><\/p>\n","protected":false},"author":1,"featured_media":0,"parent":0,"menu_order":0,"comment_status":"closed","ping_status":"closed","template":"","meta":{"footnotes":""},"class_list":["post-5084","page","type-page","status-publish","hentry"],"_links":{"self":[{"href":"http:\/\/www.estetalschule.de\/wordpress\/wp-json\/wp\/v2\/pages\/5084","targetHints":{"allow":["GET"]}}],"collection":[{"href":"http:\/\/www.estetalschule.de\/wordpress\/wp-json\/wp\/v2\/pages"}],"about":[{"href":"http:\/\/www.estetalschule.de\/wordpress\/wp-json\/wp\/v2\/types\/page"}],"author":[{"embeddable":true,"href":"http:\/\/www.estetalschule.de\/wordpress\/wp-json\/wp\/v2\/users\/1"}],"replies":[{"embeddable":true,"href":"http:\/\/www.estetalschule.de\/wordpress\/wp-json\/wp\/v2\/comments?post=5084"}],"version-history":[{"count":1,"href":"http:\/\/www.estetalschule.de\/wordpress\/wp-json\/wp\/v2\/pages\/5084\/revisions"}],"predecessor-version":[{"id":5085,"href":"http:\/\/www.estetalschule.de\/wordpress\/wp-json\/wp\/v2\/pages\/5084\/revisions\/5085"}],"wp:attachment":[{"href":"http:\/\/www.estetalschule.de\/wordpress\/wp-json\/wp\/v2\/media?parent=5084"}],"curies":[{"name":"wp","href":"https:\/\/api.w.org\/{rel}","templated":true}]}}