{"id":5069,"date":"2022-11-30T07:59:50","date_gmt":"2022-11-30T06:59:50","guid":{"rendered":"http:\/\/www.estetalschule.de\/wordpress\/?page_id=5069"},"modified":"2022-11-30T07:59:50","modified_gmt":"2022-11-30T06:59:50","slug":"berufsberatung-2","status":"publish","type":"page","link":"http:\/\/www.estetalschule.de\/wordpress\/berufsberatung-2\/","title":{"rendered":"Berufsberatung"},"content":{"rendered":"\n<ul class=\"wp-block-list\"><li>Ein Berufsberater* von der Bundesagentur f\u00fcr Arbeit kommt in die Estetalschule und f\u00fchrt dort Beratungsgespr\u00e4che mit einzelnen Sch\u00fclerInnen durch.<\/li><li>Die Sch\u00fcler* erhalten Informationen \u00fcber m\u00f6gliche weitere Schulbildung bzw. \u00fcber Ausbildungsm\u00f6glichkeiten sowie \u00fcber verschiedene Berufe.<\/li><li>Die Sch\u00fclerinnen und Sch\u00fcler der 8. Klassen nehmen zudem Kontakt zu einem\/einer Berufsberater\/in auf.<\/li><\/ul>\n\n\n\n<p><strong>Die Beratung in den unterschiedlichen Klassenstufen weist unterschiedliche Schwerpunkte aus:<\/strong><\/p>\n\n\n\n<p><strong>8. Klasse:<\/strong><\/p>\n\n\n\n<p><br>Sch\u00fcler und Sch\u00fclerinnen der 8. Klassen werden optional \u00a0hinsichtlich ihrer Bewerbungsmappen, Bewerbungsverfahren etc. beraten. Anmeldelisten hierf\u00fcr h\u00e4ngen bei den mit der Organisation betrauten Sozialp\u00e4dagogen \u2013 je nach Jahrgangszust\u00e4ndigkeit \u2013 aus..<\/p>\n\n\n\n<p><\/p>\n\n\n\n<p><strong>9. Klasse:<\/strong><\/p>\n\n\n\n<ul class=\"wp-block-list\"><li>Sch\u00fcler und Sch\u00fclerinnen der 9. Klassen werden vor allem hinsichtlich des Bewerbungsverfahren beraten.<\/li><li>Die Fachkraft der Bundesagentur f\u00fcr Arbeit unterst\u00fctzt sie beim Anfertigen der Bewerbungsunterlagen und hilft auch bei der Suche nach einem Praktikumsplatz oder Nebenjob.<\/li><li>Anmeldelisten f\u00fcr die Termine h\u00e4ngen jeweils in den Klassen aus.<\/li><li>Beim ersten Termin nach den Sommerferien stellen sich beide Beraterinnen pers\u00f6nlich in den 9. Klassen vor.<\/li><\/ul>\n\n\n\n<p><\/p>\n\n\n\n<p><strong>10. Klasse:<\/strong><\/p>\n\n\n\n<ul class=\"wp-block-list\"><li>Sch\u00fcler und Sch\u00fclerinnen der 10. Klassen werden vor allem hinsichtlich des Bewerbungsverfahren beraten.<\/li><li>Die Fachkraft der Agentur f\u00fcr Arbeit unterst\u00fctzt sie beim Anfertigen der Bewerbungsunterlagen und hilft auch bei der Suche nach einem Praktikumsplatz oder Nebenjob.<\/li><li>Anmeldelisten f\u00fcr die Termine h\u00e4ngen jeweils in den Klassen aus.<\/li><\/ul>\n\n\n\n<ul class=\"wp-block-list\"><li>Durch den pers\u00f6nlichen und niedrigschwelligen Kontakt zu den Beraterinnen sinkt die Hemmschwelle, einen weiterf\u00fchrenden Termin in der in der Bundesagentur f\u00fcr Arbeit zu vereinbaren.<\/li><li>Generell wird in den verschiedenen Klassenstufen danach unterschieden, wie viel Zeit bis zum Schulabschluss bzw. zum Bewerbungsverfahren zu einem Ausbildungsberuf bleibt. Die Sch\u00fclerinnen und Sch\u00fcler der 8. Klassen nehmen daher an der Berufsberatung nur in Ausnahmef\u00e4llen teil. Die Termine sind vor allem den Abschlussklassen 9 und 10 vorbehalten.<\/li><\/ul>\n","protected":false},"excerpt":{"rendered":"<p>Ein Berufsberater* von der Bundesagentur f\u00fcr Arbeit kommt in die Estetalschule und f\u00fchrt dort Beratungsgespr\u00e4che mit einzelnen Sch\u00fclerInnen durch. Die Sch\u00fcler* erhalten Informationen \u00fcber m\u00f6gliche weitere Schulbildung bzw. \u00fcber Ausbildungsm\u00f6glichkeiten sowie \u00fcber verschiedene Berufe. Die Sch\u00fclerinnen und Sch\u00fcler der 8. &hellip; <a href=\"http:\/\/www.estetalschule.de\/wordpress\/berufsberatung-2\/\">Weiterlesen <span class=\"meta-nav\">&rarr;<\/span><\/a><\/p>\n","protected":false},"author":1,"featured_media":0,"parent":0,"menu_order":0,"comment_status":"closed","ping_status":"closed","template":"","meta":{"footnotes":""},"class_list":["post-5069","page","type-page","status-publish","hentry"],"_links":{"self":[{"href":"http:\/\/www.estetalschule.de\/wordpress\/wp-json\/wp\/v2\/pages\/5069","targetHints":{"allow":["GET"]}}],"collection":[{"href":"http:\/\/www.estetalschule.de\/wordpress\/wp-json\/wp\/v2\/pages"}],"about":[{"href":"http:\/\/www.estetalschule.de\/wordpress\/wp-json\/wp\/v2\/types\/page"}],"author":[{"embeddable":true,"href":"http:\/\/www.estetalschule.de\/wordpress\/wp-json\/wp\/v2\/users\/1"}],"replies":[{"embeddable":true,"href":"http:\/\/www.estetalschule.de\/wordpress\/wp-json\/wp\/v2\/comments?post=5069"}],"version-history":[{"count":2,"href":"http:\/\/www.estetalschule.de\/wordpress\/wp-json\/wp\/v2\/pages\/5069\/revisions"}],"predecessor-version":[{"id":5071,"href":"http:\/\/www.estetalschule.de\/wordpress\/wp-json\/wp\/v2\/pages\/5069\/revisions\/5071"}],"wp:attachment":[{"href":"http:\/\/www.estetalschule.de\/wordpress\/wp-json\/wp\/v2\/media?parent=5069"}],"curies":[{"name":"wp","href":"https:\/\/api.w.org\/{rel}","templated":true}]}}

<ul class="wp-block-list"><li>Ein Berufsberater* von der Bundesagentur für Arbeit kommt in die Estetalschule und führt dort Beratungsgespräche mit einzelnen SchülerInnen durch.</li><li>Die Schüler* erhalten Informationen über mögliche weitere Schulbildung bzw. über Ausbildungsmöglichkeiten sowie über verschiedene Berufe.</li><li>Die Schülerinnen und Schüler der 8. Klassen nehmen zudem Kontakt zu einem/einer Berufsberater/in auf.</li></ul>



<p><strong>Die Beratung in den unterschiedlichen Klassenstufen weist unterschiedliche Schwerpunkte aus:</strong></p>



<p><strong>8. Klasse:</strong></p>



<p><br>Schüler und Schülerinnen der 8. Klassen werden optional  hinsichtlich ihrer Bewerbungsmappen, Bewerbungsverfahren etc. beraten. Anmeldelisten hierfür hängen bei den mit der Organisation betrauten Sozialpädagogen – je nach Jahrgangszuständigkeit – aus..</p>



<p></p>



<p><strong>9. Klasse:</strong></p>



<ul class="wp-block-list"><li>Schüler und Schülerinnen der 9. Klassen werden vor allem hinsichtlich des Bewerbungsverfahren beraten.</li><li>Die Fachkraft der Bundesagentur für Arbeit unterstützt sie beim Anfertigen der Bewerbungsunterlagen und hilft auch bei der Suche nach einem Praktikumsplatz oder Nebenjob.</li><li>Anmeldelisten für die Termine hängen jeweils in den Klassen aus.</li><li>Beim ersten Termin nach den Sommerferien stellen sich beide Beraterinnen persönlich in den 9. Klassen vor.</li></ul>



<p></p>



<p><strong>10. Klasse:</strong></p>



<ul class="wp-block-list"><li>Schüler und Schülerinnen der 10. Klassen werden vor allem hinsichtlich des Bewerbungsverfahren beraten.</li><li>Die Fachkraft der Agentur für Arbeit unterstützt sie beim Anfertigen der Bewerbungsunterlagen und hilft auch bei der Suche nach einem Praktikumsplatz oder Nebenjob.</li><li>Anmeldelisten für die Termine hängen jeweils in den Klassen aus.</li></ul>



<ul class="wp-block-list"><li>Durch den persönlichen und niedrigschwelligen Kontakt zu den Beraterinnen sinkt die Hemmschwelle, einen weiterführenden Termin in der in der Bundesagentur für Arbeit zu vereinbaren.</li><li>Generell wird in den verschiedenen Klassenstufen danach unterschieden, wie viel Zeit bis zum Schulabschluss bzw. zum Bewerbungsverfahren zu einem Ausbildungsberuf bleibt. Die Schülerinnen und Schüler der 8. Klassen nehmen daher an der Berufsberatung nur in Ausnahmefällen teil. Die Termine sind vor allem den Abschlussklassen 9 und 10 vorbehalten.</li></ul>

<p>Ein Berufsberater* von der Bundesagentur für Arbeit kommt in die Estetalschule und führt dort Beratungsgespräche mit einzelnen SchülerInnen durch. Die Schüler* erhalten Informationen über mögliche weitere Schulbildung bzw. über Ausbildungsmöglichkeiten sowie über verschiedene Berufe. Die Schülerinnen und Schüler der 8. &hellip; <a href="http://www.estetalschule.de/wordpress/berufsberatung-2/">Weiterlesen <span class="meta-nav">&rarr;</span></a></p>
